 14*p**2 + 11*p + 14. Let j(r) = -100 + 10*r**3 + 50 + 55 - 5*r**2 + 4*r. Let u(a) = 11*j(a) - 4*z(a). Determine u(-1).
10
Let o(g) = 1 + 3*g - 2*g**2 - 3*g. Suppose 3*q - 39 = -10*q. Suppose 0 = 78*t - 77*t + q. What is o(t)?
-17
Let k(t) = -3*t**2 + 2*t + 1 + 4*t**2 + 3*t**2. Let m be k(-1). Let w(f) be the third derivative of -f**5/60 + f**4/12 - 16*f**2 - 248*f. Calculate w(m).
-3
Let x(p) = -p**2 + 7*p + 14. Let u(a) = -a - 1. Let l(w) = 4*u(w) - x(w). Give l(13).
8
Suppose -6 = 2*s - 4*i, -4*s + 5*i + 18 = 33. Let x(b) = -b - 10 - b + 4. Give x(s).
4
Let y(c) be the first derivative of c**6/60 + c**5/120 - c**4/24 - 11*c**3/3 - 11. Let r(v) be the third derivative of y(v). What is r(1)?
6
Let w(n) be the first derivative of n**3/3 + 3*n**2/2 + 2*n - 316. Give w(-2).
0
Let m(o) = o**2 + 8*o. Let x(v) = 2*v - 2. Let r be x(2). Suppose -g = -r*z, 3*z - 7*z - g = -12. Let a = z - 9. What is m(a)?
-7
Let k(s) = -2*s + s**2 + 6*s - 2 - 2*s**2 - 9*s. Let a be k(-4). Let h(i) = -11*i + 3. What is h(a)?
-19
Let n(o) = -11*o**2 + 2*o + 1. Suppose 3*t + 10 = -7*t. Determine n(t).
-12
Suppose -4*x = 4*p - 9*x - 3, 9 = 4*p + x. Let y be 10 - 3/(p - 1). Let l(v) = 2*v**2 + 9 - 4*v**2 + 2*v**2 - v**3 + y*v**2 - 7*v. Determine l(6).
3
Suppose -105*y + 110*y = 0. Let h be (y + -10)*1*(-1)/2. Let j(x) = 2*x**2 - 5*x + 1. Determine j(h).
26
Let r(n) = -2*n**3 + 4*n - 1. Let v(x) = -6*x**3 - 2*x**2 + 3*x - 1. Let q(s) = -r(s) + v(s). Let a be (4/(-6))/((-2)/(-3)). Calculate q(a).
3
Let s(i) = -44 - 6*i + 2*i + 41 + i**2. Calculate s(-2).
9
Let v = -101 - -100. Let n(z) = 9*z**3 - z**2 + 1. What is n(v)?
-9
Let s(r) = -1 - 1439*r**2 + 1436*r**2 + 2 + r. Give s(2).
-9
Let z(q) = 3*q**2 + 6*q - 4. Let u(w) = 6*w**2 - 102 + 7*w**2 + 24*w + 86. Let n(y) = -2*u(y) + 9*z(y). Determine n(-6).
-4
Let q(s) = -2*s**2 - 2*s + 5. Let u be (-393)/1310 + (-94)/20. What is q(u)?
-35
Let d(z) be the third derivative of z**4/8 - 11*z**3/2 - 364*z**2. Calculate d(12).
3
Suppose -1 = -4*i + 3*w, 2*w + 1 = 5*i - 2. Let b(t) = 4*t**3 - t**2 + t. Let z be b(i). Let p(o) = 0 + 0 + o. Give p(z).
4
Let o(h) be the third derivative of h**6/24 - h**5/60 + h**4/24 + h**3/6 + h**2. Let f be 1/(((-6)/(-8))/3). Suppose -6 = f*m + 2*m. What is o(m)?
-6
Let g(n) = -n + 2*n - 3*n + 0*n. Suppose 3*j + 3 = 81. Suppose 5*r - 5 + j = -c, -c - 4*r - 17 = 0. Give g(c).
2
Let g(c) = -7*c**3 - 5*c**2 + 3*c - 4. Let y(a) = -9*a**3 - 7*a**2 + 4*a - 5. Let m(n) = -5*g(n) + 4*y(n). Let r(f) = -f + 2. Let j be r(5). What is m(j)?
-3
Suppose -3*r - 80 = r. Let n = 20 + r. Let w(c) = c**3 - 3*c**2 - 3*c - 2 + 4*c + 4*c**2. Determine w(n).
-2
Let d(q) = -3*q + 18. Suppose 0 = -4*a - h + 33, -10*a - 35 = -15*a + 5*h. Determine d(a).
-6
Let w(n) = 3*n**2 + 27*n - 10. Let h be w(-8). Let v = h + 28. Let m(y) = -y**2 - 6*y - 2. Calculate m(v).
-2
Let z(d) = 7*d - 17 - 5 - 2*d - 6*d. Determine z(-7).
-15
Let a(p) be the first derivative of -p**3/3 + 2*p**2 + 2*p + 1. Let t be (-3)/1 + -3 - -10. Give a(t).
2
Suppose -96 + 156 = 12*n. Let i(r) = -r**2 + 11*r - 36. What is i(n)?
-6
Let d(v) = v - 10. Let m(w) = w**2 + 24*w + 69. Let a be m(-20). Give d(a).
-21
Let o(f) = -f - 1. Let s(q) = -7*q - 4. Let c(b) = 6*o(b) - s(b). Let h = 20 - 18. Give c(h).
0
Let v(x) = -14*x**3 + 26*x**2 + 35*x - 16. Let r(j) = 5*j**3 - 9*j**2 - 12*j + 5. Let l be 1/2 + 138/(-12). Let k(i) = l*r(i) - 4*v(i). What is k(6)?
-3
Let s(d) be the first derivative of d**3/3 + 4*d**2 + 4*d - 484. Let m(u) = u**2 + 7*u + 5. Let k be m(-4). Calculate s(k).
-3
Let m(x) = -10*x + 6. Suppose 11*c + 3819 = 3852. Calculate m(c).
-24
Let v(m) = m**2 + 2*m - 1. Let x(h) = 2. Let c(a) = -v(a) + 3*x(a). Calculate c(4).
-17
Let m(d) be the third derivative of 0*d - 1/120*d**6 + 0*d**4 + 0 - 13*d**2 - 1/60*d**5 - 1/3*d**3. Let s(b) = -b - 1. Let k be s(-1). Give m(k).
-2
Suppose -5*h + 1 = -3*y + 11, 2*y - 5*h = 15. Let z(a) = a**2 + 4323*a - 4315*a + 9 - 2. What is z(y)?
-8
Suppose -3*h + 12 = 0, -12 = -u - 5*h + 10. Let w(d) be the first derivative of 3 + 0*d**2 - 1/4*d**4 - u*d - d**3. Determine w(-3).
-2
Let s(f) = f - 4. Let j(d) = -3. Let h(o) = 3*j(o) - 2*s(o). Suppose -1 - 9 = 2*l, -3*n - 3*l - 6 = 0. What is h(n)?
-7
Let t be ((-1)/(-4)*0)/(-1). Suppose 5*b - 10 - 15 = t. Let u be (-9)/18*(-1 - b). Let d(c) = -2*c + 1. Calculate d(u).
-5
Let w(o) = 8 + 11 + 6 - 31 + o. Let a = 24 + -20. Let i = a - -2. Calculate w(i).
0
Let r(d) = d**3 - 4*d**2 + 5*d - 1. Let n be 1/(-4 + 78/18). What is r(n)?
5
Suppose 2*c - 24 = -2*m + 6*c, -2*m - 3*c - 4 = 0. Let q(s) = 5*s + 16. Let h(z) = 13*z + 38. Let k(a) = 2*h(a) - 5*q(a). What is k(m)?
0
Let v(m) = m**3 + m**2 - m - 9. Suppose 31 + 29 = -3*z. Let x be (-5)/z - (-1)/(-4). Give v(x).
-9
Let b(s) = -5*s - 51*s**2 + 50*s**2 + 0 - 2. Suppose 4*f + 9 = -f + 3*w, 0 = -2*f - 2*w + 6. Suppose 12 = -h - 3*u - 8, -2*h + 3*u + 5 = f. Determine b(h).
-2
Let k(a) = -461*a**2 - 4*a + 3*a + 473*a**2 - 1. Let t = 8 - 8. Let o(g) = g**2 - g - 1. Let z be o(t). Determine k(z).
12
Suppose -15*h + 10*h + 30 = 0. Let a(s) = -s**2 + 8. Calculate a(h).
-28
Let j(i) = -13*i - 9. Let p(c) = 20*c + 14. Let k(f) = 8*j(f) + 5*p(f). Suppose 4*s = -2*n - 20, 5*s - 6*s = 2. Determine k(n).
22
Let n(b) = -b**2 - 3*b + 1. Let o be n(-2). Let l(r) = 0*r**o + 6*r**3 - 5 - 9*r + 8*r**2 - 5*r**3. Let t be l(-9). Let i(p) = -p**2 - 6*p + 7. Give i(t).
12
Let l(r) = 15*r. Let p = 740 - 736. What is l(p)?
60
Let p(u) be the second derivative of u**3/6 - 25*u**2/2 - 532*u. Give p(17).
-8
Let t be 1 - (-3 + -1 + 1). Suppose -26 - 2 = -t*o. Let v(m) = -m**2 + 7*m + 6. Determine v(o).
6
Let a(r) = -5*r**3 - 9*r**2 + 8*r + 9. Let g(j) = 22*j**3 + 37*j**2 - 33*j - 36. Let i(q) = 9*a(q) + 2*g(q). What is i(-7)?
-33
Let l = 33 - 31. Let y be 1/(-3 + 64/20). Let b(h) = -3*h**l - y + 6*h**2 - 4*h - 2*h**2 - h. Determine b(7).
9
Let y be -6*(2 - (-5)/(-2)). Suppose 6*d + y + 21 = 0. Let h be d + 8/(-6)*-3. Let w(o) = -o**2 + o - 5. Calculate w(h).
-5
Let l(i) = -7*i - 11. Let p be l(-2). Let v(r) = 6*r - 3. Give v(p).
15
Let u(p) = -p**2 + 2. Suppose -603 = 11*d + 904. Let x = d + 139. What is u(x)?
-2
Let z(s) = -2*s - 11. Let m be z(-7). Suppose 4*y = -5*v + 36, -m*v + 2*v - 16 = -5*y. Let a(p) = -3 - p**3 + 5*p - 6*p - v*p**2 + 5*p**2 + 3*p. Calculate a(2).
-3
Let m(y) be the second derivative of -y**5/20 - y**4/2 - 5*y**3/6 - 7*y**2/2 + y. Let h be -4 + (4 + -2)/(-3 + 1). Give m(h).
-7
Let q be (-1)/((-33)/(-6) - 5). Let t(k) = 0*k**2 + 2*k + 0*k + 0*k - k**3 + k**2 + 3. Calculate t(q).
11
Let o(l) = -6*l - 52. Let a be ((-2)/(-4))/((-159)/2862). Calculate o(a).
2
Let l(v) = 16 - 8 - 19*v**2 + 13*v**2 + v**3. Give l(6).
8
Let v be (3/(-2))/((-6)/8). Let c(q) = 4 - 4*q - v*q + q + 4*q. Determine c(-3).
7
Let y(r) be the third derivative of -r**6/120 - r**5/12 + r**4/3 - r**3/6 - 24*r**2. What is y(-6)?
-13
Let j(y) = y**3 - 5*y**2 - 6*y - 2. Let o be j(6). Let l(q) be the third derivative of q**4/6 + 16*q**2 - 5*q. Give l(o).
-8
Let q(i) = 1 + 22*i + 23*i - 39*i. Let x(v) = v + 4. Let l be x(-4). Let r = -1 - l. What is q(r)?
-5
Let p(a) = -a**3 + 12*a**2 - a + 13. Suppose m - 7*m = 282. Let s = 59 + m. Determine p(s).
1
Let s(x) be the third derivative of -x**5/60 + 5*x**4/24 + 2*x**3/3 - 63*x**2. Give s(6).
-2
Let f(b) be the second derivative of b**3/3 - 2*b**2 + 873*b. Suppose 2*y = -2*g + 14, -g + 3*g = 8. Determine f(y).
2
Let b(x) be the third derivative of x**6/120 + 3*x**5/20 + x**4/8 + 3*x**3/2 - 26*x**2 + x. Give b(-8).
49
Let p(n) = -6. Let a(s) = s - 13. Let h = -13 + 0. Let c(x) = h*p(x) + 6*a(x). Calculate c(1).
6
Let n = -588 + 590. Let r(t) be the second derivative of t - 4/3*t**3 + 0 - n*t**2 - 1/12*t**4. Calculate r(-4).
12
Let p(v) = -15*v - 11. Let h(t) = 4*t + 3. Let j(x) = 22*h(x) + 6*p(x). Suppose -68 = -3*d - 3*u - 50, -3*u + 11 = -4*d. Calculate j(d).
-2
Let d = 5 + -3. Let f(o) = 2*o + o**d + 6 + 3*o - 2. Let z = 15 + -18. Calculate f(z).
-2
Let n be (-9)/(-2*(-2)/((-16)/4)). Let r(v) = -v + 2. What is r(n)?
-7
Let m be 2*1*(2 + 5). Let n be -6 + 7/(m/(-4)). Let c be n/((-7)/((-14)/4)). Let t(r) = r**2 + 3*r. Determine t(c).
4
Let q(z) = z**2 - 2*z + 1. Let h be q(3). Let p(c) = -c**3 - 16*c**2 - 3*c + 6. Let y(m) = -4*m